7
Calculate the remainder when 128628 is divided by 3573.
0
Calculate the remainder when 98362 is divided by 3408.
2938
What is the remainder when 145807 is divided by 577?
403
What is the remainder when 1807337966 is divided by 6430?
6426
What is the remainder when 7081197 is divided by 8511?
45
Calculate the remainder when 156147209 is divided by 5252.
5249
Calculate the remainder when 1161143 is divided by 1161138.
5
Calculate the remainder when 735570 is divided by 16528.
8338
What is the remainder when 307306815 is divided by 26?
23
What is the remainder when 264127 is divided by 180?
67
What is the remainder when 5258856 is divided by 5081?
21
Calculate the remainder when 1964213 is divided by 392785.
288
Calculate the remainder when 42719836 is divided by 14239939.
19
Calculate the remainder when 34478991 is divided by 4665.
4641
What is the remainder when 2574093 is divided by 22?
5
Calculate the remainder when 40395565 is divided by 68006.
1
Calculate the remainder when 8625599 is divided by 953.
949
What is the remainder when 236172 is divided by 941?
922
What is the remainder when 4185245 is divided by 1046311?
1
What is the remainder when 140162233 is divided by 531?
4
Calculate the remainder when 15656 is divided by 1111.
102
What is the remainder when 684113 is divided by 1360?
33
Calculate the remainder when 1626718 is divided by 2461.
2458
Calculate the remainder when 15815142 is divided by 10357.
3
Calculate the remainder when 26504429 is divided by 12986.
3
Calculate the remainder when 3283155 is divided by 530.
335
Calculate the remainder when 17538 is divided by 8688.
162
Calculate the remainder when 775163 is divided by 193785.
23
What is the remainder when 1960777 is divided by 73?
70
What is the remainder when 6532 is divided by 3078?
376
What is the remainder when 6644 is divided by 4255?
2389
Calculate the remainder when 50181043 is divided by 1475913.
1
Calculate the remainder when 3885699 is divided by 364.
363
What is the remainder when 30620747 is divided by 17?
7
What is the remainder when 4633811 is divided by 25?
11
Calculate the remainder when 81408452 is divided by 7.
6
What is the remainder when 344083 is divided by 171732?
619
Calculate the remainder when 2904514 is divided by 58090.
14
Calculate the remainder when 451327 is divided by 947.
555
Calculate the remainder when 1915982 is divided by 4344.
278
Calculate the remainder when 2790809 is divided by 1615.
89
Calculate the remainder when 930191 is divided by 2155.
1386
What is the remainder when 57086534 is divided by 32?
6
What is the remainder when 5088281 is divided by 1257?
1202
Calculate the remainder when 183568 is divided by 516.
388
Calculate the remainder when 248091 is divided by 107.
65
Calculate the remainder when 192328785 is divided by 679.
677
What is the remainder when 2042209 is divided by 505?
494
What is the remainder when 4771652 is divided by 4771642?
10
Calculate the remainder when 419233 is divided by 1023.
826
Calculate the remainder when 2527 is divided by 2410.
117
What is the remainder when 4796256 is divided by 353?
45
What is the remainder when 337908454 is divided by 391?
389
What is the remainder when 56747 is divided by 28329?
89
What is the remainder when 66490 is divided by 5463?
934
Calculate the remainder when 27162989 is divided by 1762.
1759
What is the remainder when 40776663 is divided by 8155331?
8
Calculate the remainder when 47751928 is divided by 128.
120
What is the remainder when 553948 is divided by 184636?
40
Calculate the remainder when 3382634 is divided by 3382627.
7
Calculate the remainder when 1376252 is divided by 1231.
1225
Calculate the remainder when 940868 is divided by 1003.
54
What is the remainder when 93964815 is divided by 176?
175
What is the remainder when 34973 is divided by 11609?
146
Calculate the remainder when 26553641 is divided by 355.
351
What is the remainder when 250650 is divided by 250380?
270
What is the remainder when 1186096 is divided by 1186070?
26
Calculate the remainder when 3402394 is divided by 20.
14
What is the remainder when 185366909 is divided by 63?
56
What is the remainder when 522533 is divided by 10886?
5
What is the remainder when 75015 is divided by 4983?
270
Calculate the remainder when 872807 is divided by 206.
191
Calculate the remainder when 309780 is divided by 725.
205
What is the remainder when 215578 is divided by 138?
22
What is the remainder when 201166 is divided by 201164?
2
What is the remainder when 5279 is divided by 122?
33
Calculate the remainder when 61375385 is divided by 2328.
2321
Calculate the remainder when 25774010 is divided by 11.
9
Calculate the remainder when 2629975 is divided by 147.
145
What is the remainder when 297282 is divided by 29728?
2
Calculate the remainder when 2540427 is divided by 1383.
1239
What is the remainder when 10837189 is divided by 10837186?
3
What is the remainder when 71211 is divided by 1296?
1227
What is the remainder when 14606235 is divided by 393?
390
Calculate the remainder when 18300983 is divided by 11.
8
What is the remainder when 76256016 is divided by 19931?
10
What is the remainder when 274234751 is divided by 603?
602
Calculate the remainder when 52355393 is divided by 1090737.
17
Calculate the remainder when 645385 is divided by 214498.
1891
What is the remainder when 279857 is divided by 11086?
2707
What is the remainder when 1551832 is divided by 194?
26
Calculate the remainder when 615774 is divided by 87639.
2301
Calculate the remainder when 598651 is divided by 186.
103
Calculate the remainder when 189532 is divided by 11828.
284
What is the remainder when 2483093 is divided by 16665?
8
Calculate the remainder when 19045 is divided by 9225.
595
What is the remainder when 6777 is divided by 6426?
351
Calculate the remainder when 397039 is divided by 2719.
65
What is the remainder when 10470201 is divided by 17?
3
Calculate the remainder when 45750795 is divided by 74.
73
Calculate the remainder when 2860032 is divided by 11129.
11008
Calculate the remainder when 160442152 is divided by 329450.
2
Calculate the remainder when 10656 is divided by 3934.
2788
What is the remainder when 13406023 is divided by 2?
1
What is the remainder when 1003012 is divided by 2401?
1795
What is the remainder when 5354091 is divided by 232?
227
What is the remainder when 2208658 is divided by 441725?
33
Calculate the remainder when 525887 is divided by 348.
59
Calculate the remainder when 15029996 is divided by 31.
18
What is the remainder when 151326 is divided by 49123?
3957
Calculate the remainder when 3194682 is divided by 1054.
8
Calculate the remainder when 2111565 is divided by 25.
15
Calculate the remainder when 3087407 is divided by 15.
2
What is the remainder when 37097345 is divided by 33?
32
Calculate the remainder when 465459 is divided by 7413.
5853
Calculate the remainder when 1549533 is divided by 6886.
183
What is the remainder when 445991 is divided by 2605?
536
What is the remainder when 17910623 is divided by 90?
83
Calculate the remainder when 15940050 is divided by 701.
11
Calculate the remainder when 21069 is divided by 48.
45
Calculate the remainder when 284358 is divided by 94761.
75
What is the remainder when 557219 is divided by 1566?
1289
What is the remainder when 3741383 is divided by 1247122?
17
Calculate the remainder when 29321 is divided by 3215.
386
What is the remainder when 380870 is divided by 63456?
134
What is the remainder when 39445562 is divided by 32519?
15
Calculate the remainder when 200392 is divided by 873.
475
What is the remainder when 5590419 is divided by 9?
6
What is the remainder when 420667 is divided by 104548?
2475
Calculate the remainder when 6057 is divided by 2772.
513
What is the remainder when 3945098 is divided by 765?
758
Calculate the remainder when 7526799 is divided by 2285.
9
Calculate the remainder when 15420560 is divided by 108.
104
Calculate the remainder when 3756710 is divided by 26.
22
What is the remainder when 37108 is divided by 579?
52
Calculate the remainder when 111685 is divided by 1478.
835
Calculate the remainder when 360555 is divided by 291.
6
What is the remainder when 138317 is divided by 12365?
2302
What is the remai